{"id":121,"date":"1997-10-10T12:00:32","date_gmt":"1997-10-10T12:00:32","guid":{"rendered":"https:\/\/durdagi.com\/?page_id=121"},"modified":"2025-09-04T12:02:57","modified_gmt":"2025-09-04T12:02:57","slug":"hakkimizda","status":"publish","type":"page","link":"https:\/\/www.durdagi.com\/","title":{"rendered":"ERKAN DURDA\u011eI \u015e\u0130RKETLER GRUBU (Since 1997)"},"content":{"rendered":"\n<p>T\u00fcrkiye&#8217;ye ve T\u00fcrk ekonomisine g\u00fcven temelinde kurulan, farkl\u0131 sekt\u00f6rlerde b\u00fcy\u00fcme vizyonu ile hareket eden, global bir firma olma yolunda ilerlemektedir.<\/p>\n\n\n\n<p><\/p>\n","protected":false},"excerpt":{"rendered":"<p>T\u00fcrkiye&#8217;ye ve T\u00fcrk ekonomisine g\u00fcven temelinde kurulan, farkl\u0131 sekt\u00f6rlerde b\u00fcy\u00fcme vizyonu ile hareket eden, global bir firma olma yolunda ilerlemektedir.<\/p>\n","protected":false},"author":1,"featured_media":83,"parent":0,"menu_order":1,"comment_status":"closed","ping_status":"closed","template":"","meta":{"_themeisle_gutenberg_block_has_review":false,"footnotes":""},"class_list":["post-121","page","type-page","status-publish","has-post-thumbnail","hentry"],"_links":{"self":[{"href":"https:\/\/www.durdagi.com\/index.php?rest_route=\/wp\/v2\/pages\/121","targetHints":{"allow":["GET"]}}],"collection":[{"href":"https:\/\/www.durdagi.com\/index.php?rest_route=\/wp\/v2\/pages"}],"about":[{"href":"https:\/\/www.durdagi.com\/index.php?rest_route=\/wp\/v2\/types\/page"}],"author":[{"embeddable":true,"href":"https:\/\/www.durdagi.com\/index.php?rest_route=\/wp\/v2\/users\/1"}],"replies":[{"embeddable":true,"href":"https:\/\/www.durdagi.com\/index.php?rest_route=%2Fwp%2Fv2%2Fcomments&post=121"}],"version-history":[{"count":33,"href":"https:\/\/www.durdagi.com\/index.php?rest_route=\/wp\/v2\/pages\/121\/revisions"}],"predecessor-version":[{"id":541,"href":"https:\/\/www.durdagi.com\/index.php?rest_route=\/wp\/v2\/pages\/121\/revisions\/541"}],"wp:featuredmedia":[{"embeddable":true,"href":"https:\/\/www.durdagi.com\/index.php?rest_route=\/wp\/v2\/media\/83"}],"wp:attachment":[{"href":"https:\/\/www.durdagi.com\/index.php?rest_route=%2Fwp%2Fv2%2Fmedia&parent=121"}],"curies":[{"name":"wp","href":"https:\/\/api.w.org\/{rel}","templated":true}]}}